{"id":25,"date":"2026-01-16T22:53:36","date_gmt":"2026-01-16T22:53:36","guid":{"rendered":"https:\/\/dytrsas.com\/inicio\/?page_id=25"},"modified":"2026-01-26T22:49:26","modified_gmt":"2026-01-26T22:49:26","slug":"inicio","status":"publish","type":"page","link":"https:\/\/dytrsas.com\/inicio\/","title":{"rendered":"Inicio"},"content":{"rendered":"<p>[et_pb_section fb_built=&#8221;1&#8243; _builder_version=&#8221;4.13.1&#8243; _module_preset=&#8221;default&#8221; background_image=&#8221;https:\/\/dytrsas.com\/wp-content\/uploads\/2026\/01\/Captura-de-pantalla-2026-01-26-164548.png&#8221; custom_margin=&#8221;||0px|||&#8221; custom_padding=&#8221;||1px|||&#8221; global_colors_info=&#8221;{}&#8221;][et_pb_row _builder_version=&#8221;4.13.1&#8243; _module_preset=&#8221;default&#8221; width=&#8221;86%&#8221; max_width=&#8221;2560px&#8221; global_colors_info=&#8221;{}&#8221;][et_pb_column type=&#8221;4_4&#8243; _builder_version=&#8221;4.13.1&#8243; _module_preset=&#8221;default&#8221; global_colors_info=&#8221;{}&#8221;][et_pb_button button_text=&#8221;+14 a\u00f1os de experiencia&#8221; _builder_version=&#8221;4.13.1&#8243; _module_preset=&#8221;default&#8221; custom_button=&#8221;on&#8221; button_text_size=&#8221;15px&#8221; button_text_color=&#8221;#337cab&#8221; button_bg_color=&#8221;#9bb7bf&#8221; button_border_width=&#8221;0px&#8221; button_border_radius=&#8221;30px&#8221; button_font=&#8221;|700|||||||&#8221; button_icon=&#8221;&#xe0d9;||divi||400&#8243; button_icon_placement=&#8221;left&#8221; button_on_hover=&#8221;off&#8221; custom_margin=&#8221;||7px|||&#8221; custom_padding=&#8221;|15px||35px|false|false&#8221; global_colors_info=&#8221;{}&#8221;][\/et_pb_button][et_pb_text _builder_version=&#8221;4.13.1&#8243; _module_preset=&#8221;default&#8221; text_text_color=&#8221;#cccccc&#8221; text_font_size=&#8221;20px&#8221; text_letter_spacing=&#8221;1px&#8221; header_font=&#8221;||||||||&#8221; header_font_size=&#8221;60px&#8221; custom_margin=&#8221;|517px||||&#8221; custom_padding=&#8221;13px|2px||||&#8221; global_colors_info=&#8221;{}&#8221;]<\/p>\n<h1 class=\"font-display text-4xl md:text-5xl lg:text-6xl font-bold text-white leading-tight mb-6 animate-fade-up\"><strong><span style=\"color: #ffffff;\">Soluciones en<\/span>\u00a0<span class=\"bg-gradient-to-r from-accent to-secondary bg-clip-text text-transparent\"><span style=\"color: #33cccc;\">Seguridad<\/span> <span style=\"color: #33cccc;\">Electr\u00f3nica<\/span> <span style=\"color: #ffffff;\">y Telecomunicaciones<\/span><\/span><\/strong><\/h1>\n<p><span class=\"bg-gradient-to-r from-accent to-secondary bg-clip-text text-transparent\"><span>Protege tu hogar y negocio con c\u00e1maras de seguridad, alarmas, cercas el\u00e9ctricas y sistemas POS. Servicio t\u00e9cnico especializado en Yopal, Casanare.<\/span><\/span><\/p>\n<p>[\/et_pb_text][et_pb_button button_text=&#8221;Cotizar CCTV&#8221; button_alignment=&#8221;left&#8221; _builder_version=&#8221;4.13.1&#8243; _module_preset=&#8221;default&#8221; custom_button=&#8221;on&#8221; button_text_color=&#8221;#FFFFFF&#8221; button_bg_use_color_gradient=&#8221;on&#8221; button_bg_color_gradient_start=&#8221;#7cda24&#8243; button_bg_color_gradient_direction=&#8221;18deg&#8221; button_border_width=&#8221;0px&#8221; button_border_radius=&#8221;12px&#8221; button_font=&#8221;|700|||||||&#8221; button_use_icon=&#8221;off&#8221; hover_enabled=&#8221;0&#8243; global_colors_info=&#8221;{}&#8221; button_text_size__hover_enabled=&#8221;on|hover&#8221; button_text_size__hover=&#8221;22px&#8221; button_text_size=&#8221;15px&#8221; custom_padding=&#8221;10px|20px|10px|20px|true|true&#8221; sticky_enabled=&#8221;0&#8243;][\/et_pb_button][\/et_pb_column][\/et_pb_row][et_pb_row column_structure=&#8221;1_3,1_3,1_3&#8243; _builder_version=&#8221;4.13.1&#8243; _module_preset=&#8221;default&#8221; width=&#8221;75%&#8221; custom_margin=&#8221;|auto||83px||&#8221; custom_padding=&#8221;|636px||||&#8221; global_colors_info=&#8221;{}&#8221;][et_pb_column type=&#8221;1_3&#8243; _builder_version=&#8221;4.13.1&#8243; _module_preset=&#8221;default&#8221; global_colors_info=&#8221;{}&#8221;][et_pb_text _builder_version=&#8221;4.13.1&#8243; _module_preset=&#8221;default&#8221; text_text_color=&#8221;#b3b3b3&#8243; text_font_size=&#8221;17px&#8221; header_font_size=&#8221;40px&#8221; global_colors_info=&#8221;{}&#8221;]<\/p>\n<h1 style=\"text-align: center;\"><strong><span style=\"color: #ffffff;\">14+<\/span><\/strong><\/h1>\n<p style=\"text-align: center;\">A\u00f1os<\/p>\n<p>[\/et_pb_text][\/et_pb_column][et_pb_column type=&#8221;1_3&#8243; _builder_version=&#8221;4.13.1&#8243; _module_preset=&#8221;default&#8221; global_colors_info=&#8221;{}&#8221;][et_pb_text _builder_version=&#8221;4.13.1&#8243; _module_preset=&#8221;default&#8221; text_text_color=&#8221;#b3b3b3&#8243; text_font_size=&#8221;17px&#8221; header_font_size=&#8221;40px&#8221; global_colors_info=&#8221;{}&#8221;]<\/p>\n<h1 style=\"text-align: center;\"><strong><span style=\"color: #ffffff;\">1000+<\/span><\/strong><\/h1>\n<p style=\"text-align: center;\">Clientes<\/p>\n<p>[\/et_pb_text][\/et_pb_column][et_pb_column type=&#8221;1_3&#8243; _builder_version=&#8221;4.13.1&#8243; _module_preset=&#8221;default&#8221; global_colors_info=&#8221;{}&#8221;][et_pb_text _builder_version=&#8221;4.13.1&#8243; _module_preset=&#8221;default&#8221; text_text_color=&#8221;#b3b3b3&#8243; text_font_size=&#8221;17px&#8221; header_font_size=&#8221;40px&#8221; global_colors_info=&#8221;{}&#8221;]<\/p>\n<h1 style=\"text-align: center;\"><strong><span style=\"color: #ffffff;\">24\/7<\/span><\/strong><\/h1>\n<p style=\"text-align: center;\">Soporte<\/p>\n<p>[\/et_pb_text][\/et_pb_column][\/et_pb_row][\/et_pb_section][et_pb_section fb_built=&#8221;1&#8243; _builder_version=&#8221;4.13.1&#8243; _module_preset=&#8221;default&#8221; global_colors_info=&#8221;{}&#8221;][et_pb_row _builder_version=&#8221;4.13.1&#8243; _module_preset=&#8221;default&#8221; global_colors_info=&#8221;{}&#8221;][et_pb_column type=&#8221;4_4&#8243; _builder_version=&#8221;4.13.1&#8243; _module_preset=&#8221;default&#8221; global_colors_info=&#8221;{}&#8221;][et_pb_text _builder_version=&#8221;4.13.1&#8243; _module_preset=&#8221;default&#8221; background_color=&#8221;#cfd8ff&#8221; width=&#8221;15%&#8221; module_alignment=&#8221;center&#8221; custom_padding=&#8221;5px||5px||true|false&#8221; border_radii=&#8221;on|15px|15px|15px|15px&#8221; global_colors_info=&#8221;{}&#8221;]<\/p>\n<p style=\"text-align: center;\"><span style=\"color: #000080;\"><strong>Nuestros Servicios<\/strong><\/span><\/p>\n<p>[\/et_pb_text][et_pb_text _builder_version=&#8221;4.13.1&#8243; _module_preset=&#8221;default&#8221; text_font_size=&#8221;16px&#8221; header_text_color=&#8221;#0C71C3&#8243; header_font_size=&#8221;45px&#8221; custom_margin=&#8221;-11px|||||&#8221; custom_padding=&#8221;|176px||176px||true&#8221; global_colors_info=&#8221;{}&#8221;]<\/p>\n<h1 class=\"font-display text-3xl md:text-4xl lg:text-5xl font-bold text-foreground mb-4\" style=\"text-align: center;\"><strong><span style=\"color: #000000;\">Soluciones Completas para tu<\/span>\u00a0<\/strong><\/h1>\n<h1 class=\"font-display text-3xl md:text-4xl lg:text-5xl font-bold text-foreground mb-4\" style=\"text-align: center;\"><strong><span class=\"bg-gradient-to-r from-primary to-accent bg-clip-text text-transparent\">Seguridad<\/span><\/strong><\/h1>\n<p class=\"text-muted-foreground text-lg\" style=\"text-align: center;\">M\u00e1s de 14 a\u00f1os brindando servicios de telecomunicaciones y seguridad electr\u00f3nica en Casanare<\/p>\n<p>[\/et_pb_text][\/et_pb_column][\/et_pb_row][et_pb_row column_structure=&#8221;1_3,1_3,1_3&#8243; _builder_version=&#8221;4.13.1&#8243; _module_preset=&#8221;default&#8221; global_colors_info=&#8221;{}&#8221;][et_pb_column type=&#8221;1_3&#8243; _builder_version=&#8221;4.13.1&#8243; _module_preset=&#8221;default&#8221; global_colors_info=&#8221;{}&#8221;][\/et_pb_column][et_pb_column type=&#8221;1_3&#8243; _builder_version=&#8221;4.13.1&#8243; _module_preset=&#8221;default&#8221; global_colors_info=&#8221;{}&#8221;][\/et_pb_column][et_pb_column type=&#8221;1_3&#8243; _builder_version=&#8221;4.13.1&#8243; _module_preset=&#8221;default&#8221; global_colors_info=&#8221;{}&#8221;][\/et_pb_column][\/et_pb_row][\/et_pb_section]<\/p>\n","protected":false},"excerpt":{"rendered":"<p>Soluciones en\u00a0Seguridad Electr\u00f3nica y Telecomunicaciones Protege tu hogar y negocio con c\u00e1maras de seguridad, alarmas, cercas el\u00e9ctricas y sistemas POS. Servicio t\u00e9cnico especializado en Yopal, Casanare.14+ A\u00f1os1000+ Clientes24\/7 SoporteNuestros ServiciosSoluciones Completas para tu\u00a0 Seguridad M\u00e1s de 14 a\u00f1os brindando servicios de telecomunicaciones y seguridad electr\u00f3nica en Casanare<\/p>\n","protected":false},"author":2,"featured_media":0,"parent":0,"menu_order":0,"comment_status":"closed","ping_status":"closed","template":"","meta":{"_et_pb_use_builder":"on","_et_pb_old_content":"","_et_gb_content_width":"","footnotes":""},"class_list":["post-25","page","type-page","status-publish","hentry"],"_links":{"self":[{"href":"https:\/\/dytrsas.com\/inicio\/wp-json\/wp\/v2\/pages\/25","targetHints":{"allow":["GET"]}}],"collection":[{"href":"https:\/\/dytrsas.com\/inicio\/wp-json\/wp\/v2\/pages"}],"about":[{"href":"https:\/\/dytrsas.com\/inicio\/wp-json\/wp\/v2\/types\/page"}],"author":[{"embeddable":true,"href":"https:\/\/dytrsas.com\/inicio\/wp-json\/wp\/v2\/users\/2"}],"replies":[{"embeddable":true,"href":"https:\/\/dytrsas.com\/inicio\/wp-json\/wp\/v2\/comments?post=25"}],"version-history":[{"count":10,"href":"https:\/\/dytrsas.com\/inicio\/wp-json\/wp\/v2\/pages\/25\/revisions"}],"predecessor-version":[{"id":70,"href":"https:\/\/dytrsas.com\/inicio\/wp-json\/wp\/v2\/pages\/25\/revisions\/70"}],"wp:attachment":[{"href":"https:\/\/dytrsas.com\/inicio\/wp-json\/wp\/v2\/media?parent=25"}],"curies":[{"name":"wp","href":"https:\/\/api.w.org\/{rel}","templated":true}]}}